 What are the prime factors of c?
13
Suppose j - 140 = -4*j. Let i = j + -12. List the prime factors of i.
2
Let p = -9 - -11. Suppose p*d - 56 = -4*s, -4*s - 96 = -5*d - 3*s. List the prime factors of d.
2, 5
Let u(w) = w + 1. Let a(y) = -5*y**3 + 4*y + 3. Let h(l) = a(l) - 4*u(l). List the prime factors of h(-1).
2
Suppose 0 = -4*j + 1090 + 222. List the prime factors of j.
2, 41
Suppose 5*d + 105 + 75 = 0. Let m = -15 - d. What are the prime factors of m?
3, 7
Let n(y) = -y**3 - y**2 + 3*y + 8. What are the prime factors of n(-4)?
2, 11
Suppose 0 = -6*o + 2*o + 64. Suppose 4 - o = -3*k. What are the prime factors of k?
2
Suppose 0*t = -4*t. Suppose 0 = -4*x + 68 - t. What are the prime factors of x?
17
Let b be ((-4)/((-3)/3))/(-1). Let j be ((-6)/8)/((-1)/b). Let m(a) = -a**3 - a**2 + 3*a - 1. What are the prime factors of m(j)?
2
Suppose -2*v + 1 = -3*v. Let c be -2 + (v - -2) - -7. Suppose c*b - 49 = b + 3*q, 0 = 4*b + 4*q - 20. What are the prime factors of b?
2
Suppose 0 = 2*o - v - 8, 0*v = v. Suppose -u = u - o. Suppose -h + u*h = 4*r - 61, -5*r - 2*h + 73 = 0. List the prime factors of r.
3, 5
Let o(z) = 3*z - 3. Let n(d) = d**3 + 5*d**2 + 3*d + 2. Let j be n(-4). What are the prime factors of o(j)?
3, 5
List the prime factors of 4*3 - (-45)/15.
3, 5
Let c(q) = q**2 + 4*q + 2. Let i be (1/1 + 0)*-3. Let s be c(i). Let x = 9 - s. What are the prime factors of x?
2, 5
Suppose 0 = -5*c - 5*a + 348 + 157, 4*a = 2*c - 226. What are the prime factors of c?
3, 5, 7
List the prime factors of (-3 + (1 - (5 - 3)))*-14.
2, 7
Let h be (66/(-55))/((-6)/40). What are the prime factors of (-20)/(-8)*h/10?
2
Suppose -4*w = -0*w - 8. Let a = 7 - w. Let l(q) = q - 3. List the prime factors of l(a).
2
Let y be (1/(-2))/((-2)/(-8)). Let u(s) be the second derivative of s**4/6 + s**3/2 - 3*s. What are the prime factors of u(y)?
2
Let x(a) = -a**3 + 6*a**2 - 4*a - 7. Let d be x(5). Let t = d - -2. Suppose 2*o - 5 - 19 = t. What are the prime factors of o?
2, 3
Let s(r) = 127*r - 4. What are the prime factors of s(1)?
3, 41
Suppose -5*p = 3*x - 192, 3*p = 4*x + 75 + 46. List the prime factors of p.
3, 13
Let j be 16 + (-2 - -1) + -3. List the prime factors of (1/3)/(2/j).
2
Let k(u) = u - 4 - u**2 + u**2 + 3*u**2. Let m be k(-3). Let w = -7 + m. List the prime factors of w.
13
List the prime factors of (-3 - 276/9)/((-1)/3).
101
Let j be 0/(4 + -1 + -2). Suppose j = -5*u - u + 24. List the prime factors of u.
2
Suppose -p = -0*p - 7. What are the prime factors of p?
7
What are the prime factors of (-37 - 6)/((-2)/14)?
7, 43
Let f = 88 - 23. What are the prime factors of f?
5, 13
Let y = 6 - 5. What are the prime factors of (y + 2)*(-2 - -3)?
3
Let t(j) = -j**2 - 7*j - 3. Let w be t(-6). Let o be (9/3 - w)/(-1). Suppose o = 5*m - 2*c - 40, 0*c = m + 3*c - 25. List the prime factors of m.
2, 5
Let q(u) = 2*u**2 - 5. Let w be q(-5). Suppose -w - 35 = -5*c. Suppose c = 6*v - 4*v. List the prime factors of v.
2
Suppose n - 74 = -5*a, -4*n + 4*a + 254 = 3*a. List the prime factors of n.
2
Suppose w - 28 = y, 0*y + y = -3. What are the prime factors of w?
5
Let j = -31 + 169. What are the prime factors of j?
2, 3, 23
Let h be 2 + -3*(-6)/9. What are the prime factors of -1 - (-1)/(h/64)?
3, 5
Suppose 4*u - 5*g + 137 = 0, -u - 4*g - 10 + 2 = 0. Let h = -18 - u. What are the prime factors of h?
2, 5
Suppose -x - 2*x - 6 = 0. Let o be (-2)/(5/x - -2). Suppose o*v + 63 = 5*u, u + 4*v = 8*v + 3. List the prime factors of u.
3, 5
Let x be 3 + (-2 + 1)*-5. Let s = x - 8. Suppose s*q - q = -13. List the prime factors of q.
13
Suppose 3*u - 1 - 5 = 0. Suppose 0 = n + 4*c - 49, -3*n - n + u*c = -106. What are the prime factors of n?
29
Suppose 0 = -2*l - 5 + 23. Suppose 12*v = l*v + 18. List the prime factors of v.
2, 3
Let y(f) = f**3 + 20*f**2 + 14*f + 25. List the prime factors of y(-19).
2, 3, 5
Suppose -6*m + 0*m = -258. List the prime factors of m.
43
Let j(s) = 2*s - 8. Let t be j(6). Suppose 3*f = -0*f + 12. Suppose -t*m + f = -12. List the prime factors of m.
2
Let h = -12 - -31. What are the prime factors of h?
19
Let c(d) = -3*d + 3. Let h be c(2). Let r = h + 8. List the prime factors of r.
5
Let g(f) = 6*f**3 - 13*f**2 + 2*f + 3. What are the prime factors of g(4)?
11, 17
Suppose 4*d = 2*d + s + 10, s = 3*d - 13. Suppose -2*t - d*t + 50 = -k, 2*t - 20 = 5*k. List the prime factors of t.
2, 5
Let t(z) = -z - 7. Let c be t(-5). Let l(k) = 18*k**3 - k**2 + 1. Let y be l(-1). What are the prime factors of ((-2)/(-6))/(c/y)?
3
Suppose 35 = 5*p - 0*s + 5*s, -4*s = 2*p - 14. Suppose 0 = -2*k + 35 + p. What are the prime factors of k?
3, 7
Let x be 6/((-12)/(-9) - 2). Let q = 3 - x. List the prime factors of q.
2, 3
Let z = 36 - 9. List the prime factors of z.
3
Suppose 3*a + 24 = -2*d + 3*d, 0 = 4*d + 3*a - 171. List the prime factors of (d/9 - -4)*3.
5
Suppose w - 78 = -0*w. What are the prime factors of w?
2, 3, 13
Let x(a) be the third derivative of -a**6/120 - 2*a**5/15 + 5*a**4/12 + 13*a**3/6 - 2*a**2. What are the prime factors of x(-9)?
2
Let q(f) = f**3 - f**2 - f - 1. Let z be q(-1). Let n be (0/(-2))/z - -2. Suppose 5*j - 3*a = 36, n*j - 10 = -3*a + 2*a. List the prime factors of j.
2, 3
Let n(u) = u**2 - 5*u + 6. Let r be n(4). Let i(p) = -2*p**2 + 0*p**r + p + 2*p**2 + 2*p**2. What are the prime factors of i(-3)?
3, 5
List the prime factors of ((176/28)/1)/(2/7).
2, 11
Suppose -79 - 176 = -3*k. What are the prime factors of k?
5, 17
Let o be (1 + -2)*1*-2. Suppose c - 6 = -m, 3*m + o*c - 11 = 7. List the prime factors of m.
2, 3
What are the prime factors of -21*(0 - -2)/(-2)?
3, 7
Let c(g) = 6*g**2 - 1. Let l be c(-1). Suppose -20 = -5*i - l. Suppose -5*o - 3*z = -28 - 18, -o - i*z = -2. List the prime factors of o.
11
Let f be -4 + (2 - 0)*-1. Let x(v) = -v. Let h(d) = -2*d - 1. Let l(z) = 3*h(z) - 5*x(z). List the prime factors of l(f).
3
Suppose -4*r - 4*s = -376, 0*r - 4*s = -4*r + 360. What are the prime factors of r?
2, 23
Suppose -5*b + v = -517, 0 = -3*b + 4*v - 3*v + 311. What are the prime factors of b?
103
Suppose 40 = 4*w - 32. Let h = w + -7. What are the prime factors of h?
11
Let m(v) = v**3 - 7*v**2 + 7*v + 1. List the prime factors of m(7).
2, 5
Let l be 57/(-21) - (-1 - 36/(-28)). Let t(f) = -6*f**2 - 7*f + 4. Let s(q) = q**2 + q - 1. Let c(r) = -5*s(r) - t(r). What are the prime factors of c(l)?
2
Let f(x) = -2*x**2 + 1. Let a be f(3). Let b = -13 - a. List the prime factors of b.
2
Let c = 10 - 5. Suppose -s = -o - 9, 5*o - c - 2 = s. List the prime factors of s.
13
Suppose 12*h = 3*h + 270. What are the prime factors of h?
2, 3, 5
Suppose -32 + 254 = 3*b. What are the prime factors of b?
2, 37
Suppose f - 90 = 25. Suppose -5*l + f = -5. List the prime factors of l.
2, 3
Suppose 410 = 23*c - 18*c. List the prime factors of c.
2, 41
Let b be -134*(1 - 4)/6. Let o = 115 - b. What are the prime factors of o?
2, 3
Suppose 4*o = 5*j - 549, -2*j - 5*o + 213 = -0*o. List the prime factors of j.
109
Let v(n) = n**2 - 2*n - 25. What are the prime factors of v(-9)?
2, 37
Let w = 3 + -1. Suppose -w - 6 = -h - 2*c, h - 23 = 3*c. What are the prime factors of h?
2, 7
Let k = 13 + 1. Suppose -3*j - 2*o = -k, 2*j - j - 5 = -o. Suppose 0*w - j*w + 4*r + 48 = 0, 4*r - 12 = -w. List the prime factors of w.
2, 3
Let m be (-16)/(-2)*2/8. Suppose -a - 4 = 4*w - 73, -5*a + 21 = m*w. What are the prime factors of w?
2, 3
List the prime factors of (-5 + (-7)/(-2))*-14.
3, 7
Let j = 86 + -53. What are the prime factors of j?
3, 11
Let r(m) = m**2 - 2*m - 8. Let w be r(4). Suppose p + w = 8. List the prime factors of p.
2
Let x(z) = -z**2 - 8*z - 5. What are the prime factors of x(-5)?
2, 5
Let r(u) = u**3 + 8*u**2 + 6*u + 9. Suppose 0 = -2*z + 16 - 0. Let h = -15 + z. List the prime factors of r(h).
2
Let y(k) = 2*k**2 + k + 1. Let v be y(-2). Let p(h) = -3*h**3 - 4*h + h**3 - 1 + v*h**2 - h**3 + 2*h**3. List the prime factors of p(6).
11
Suppose -2*p = -2*i + 2*p + 230, -5*i = -3*p - 561. List the prime factors of i.
3, 37
Let r(c) = c - 8. Let j be r(6). What are the prime factors of (0 + -2)*8/j?
2
Suppose b = -a + 2*b + 9, 2*b - 17 = -3*a. Let i = a + -10. What are the prime factors of (6/i + 1)*-9?
3
Let u be 7/(-28) - 49/(-4). Suppose 2*n - u = 12